{"id":46,"date":"2010-04-17T08:23:11","date_gmt":"2010-04-17T08:23:11","guid":{"rendered":"http:\/\/blocn4.wordpress.com\/?page_id=46"},"modified":"2025-10-13T12:57:05","modified_gmt":"2025-10-13T12:57:05","slug":"orase-apropiate","status":"publish","type":"page","link":"https:\/\/goldenglory.ro\/?page_id=46","title":{"rendered":"Ora\u015fe apropiate de Suceava"},"content":{"rendered":"<h3>Ora\u015fe apropiate<\/h3>\n<p>Re\u015fedin\u0163ele jude\u0163elor vecine sunt situate la distan\u0163e variabile de Suceava, astfel:<\/p>\n<ul>\n<li><a title=\"Boto\u015fani\" href=\"http:\/\/ro.wikipedia.org\/wiki\/Boto%C5%9Fani\">Boto\u015fani<\/a> (42 km)<\/li>\n<li><a title=\"Piatra Neam\u0163\" href=\"http:\/\/ro.wikipedia.org\/wiki\/Piatra_Neam%C5%A3\">Piatra Neam\u0163<\/a> (106 km)<\/li>\n<li><a title=\"Bistri\u0163a\" href=\"http:\/\/ro.wikipedia.org\/wiki\/Bistri%C5%A3a\">Bistri\u0163a<\/a> (137 km)<\/li>\n<li><a title=\"Ia\u015fi\" href=\"http:\/\/ro.wikipedia.org\/wiki\/Ia%C5%9Fi\">Ia\u015fi<\/a> (151 km)<\/li>\n<li><a title=\"Vaslui\" href=\"http:\/\/ro.wikipedia.org\/wiki\/Vaslui\">Vaslui<\/a> (216 km)<\/li>\n<\/ul>\n<p>Fa\u0163\u0103 de alte ora\u015fe din <a title=\"Jude\u0163ul Suceava\" href=\"http:\/\/ro.wikipedia.org\/wiki\/Jude%C5%A3ul_Suceava\">jude\u0163ul Suceava<\/a>, ora\u015ful se afl\u0103 la urm\u0103toarele distan\u0163e:<\/p>\n<ul>\n<li><a title=\"F\u0103lticeni\" href=\"http:\/\/ro.wikipedia.org\/wiki\/F%C4%83lticeni\">F\u0103lticeni<\/a> (25 km)<\/li>\n<li><a title=\"R\u0103d\u0103u\u0163i\" href=\"http:\/\/ro.wikipedia.org\/wiki\/R%C4%83d%C4%83u%C5%A3i\">R\u0103d\u0103u\u0163i<\/a> (37 km)<\/li>\n<li><a title=\"Gura Humorului\" href=\"http:\/\/ro.wikipedia.org\/wiki\/Gura_Humorului\">Gura Humorului<\/a> (37 km)<\/li>\n<li><a title=\"Siret\" href=\"http:\/\/ro.wikipedia.org\/wiki\/Siret\">Siret<\/a> (45 km)<\/li>\n<li><a title=\"C\u00e2mpulung Moldovenesc\" href=\"http:\/\/ro.wikipedia.org\/wiki\/C%C3%A2mpulung_Moldovenesc\">C\u00e2mpulung Moldovenesc<\/a> (70 km)<\/li>\n<li><a title=\"Solca\" href=\"http:\/\/ro.wikipedia.org\/wiki\/Solca\">Solca<\/a> (70 km)<\/li>\n<li><a title=\"Vatra Dornei\" href=\"http:\/\/ro.wikipedia.org\/wiki\/Vatra_Dornei\">Vatra Dornei<\/a> (112 km)<\/li>\n<\/ul>\n","protected":false},"excerpt":{"rendered":"<p>Ora\u015fe apropiate Re\u015fedin\u0163ele jude\u0163elor vecine sunt situate la distan\u0163e variabile de Suceava, astfel: Boto\u015fani (42 km) Piatra Neam\u0163 (106 km) Bistri\u0163a (137 km) Ia\u015fi (151 km) Vaslui (216 km) Fa\u0163\u0103 de alte ora\u015fe din jude\u0163ul Suceava, ora\u015ful se afl\u0103 la urm\u0103toarele distan\u0163e: F\u0103lticeni (25 km) R\u0103d\u0103u\u0163i (37 km) Gura Humorului (37 km) Siret (45 km) [&hellip;]<\/p>\n","protected":false},"author":1,"featured_media":0,"parent":41,"menu_order":0,"comment_status":"open","ping_status":"closed","template":"","meta":{"footnotes":""},"class_list":["post-46","page","type-page","status-publish","hentry"],"yoast_head":"<!-- This site is optimized with the Yoast SEO plugin v27.4 - https:\/\/yoast.com\/product\/yoast-seo-wordpress\/ -->\n<title>Ora\u015fe apropiate de Suceava - MD<\/title>\n<meta name=\"robots\" content=\"index, follow, max-snippet:-1, max-image-preview:large, max-video-preview:-1\" \/>\n<link rel=\"canonical\" href=\"https:\/\/goldenglory.ro\/?page_id=46\" \/>\n<meta property=\"og:locale\" content=\"ro_RO\" \/>\n<meta property=\"og:type\" content=\"article\" \/>\n<meta property=\"og:title\" content=\"Ora\u015fe apropiate de Suceava - MD\" \/>\n<meta property=\"og:description\" content=\"Ora\u015fe apropiate Re\u015fedin\u0163ele jude\u0163elor vecine sunt situate la distan\u0163e variabile de Suceava, astfel: Boto\u015fani (42 km) Piatra Neam\u0163 (106 km) Bistri\u0163a (137 km) Ia\u015fi (151 km) Vaslui (216 km) Fa\u0163\u0103 de alte ora\u015fe din jude\u0163ul Suceava, ora\u015ful se afl\u0103 la urm\u0103toarele distan\u0163e: F\u0103lticeni (25 km) R\u0103d\u0103u\u0163i (37 km) Gura Humorului (37 km) Siret (45 km) [&hellip;]\" \/>\n<meta property=\"og:url\" content=\"https:\/\/goldenglory.ro\/?page_id=46\" \/>\n<meta property=\"og:site_name\" content=\"MD\" \/>\n<meta property=\"article:modified_time\" content=\"2025-10-13T12:57:05+00:00\" \/>\n<meta name=\"twitter:card\" content=\"summary_large_image\" \/>\n<script type=\"application\/ld+json\" class=\"yoast-schema-graph\">{\"@context\":\"https:\\\/\\\/schema.org\",\"@graph\":[{\"@type\":\"WebPage\",\"@id\":\"https:\\\/\\\/goldenglory.ro\\\/?page_id=46\",\"url\":\"https:\\\/\\\/goldenglory.ro\\\/?page_id=46\",\"name\":\"Ora\u015fe apropiate de Suceava - MD\",\"isPartOf\":{\"@id\":\"https:\\\/\\\/goldenglory.ro\\\/#website\"},\"datePublished\":\"2010-04-17T08:23:11+00:00\",\"dateModified\":\"2025-10-13T12:57:05+00:00\",\"breadcrumb\":{\"@id\":\"https:\\\/\\\/goldenglory.ro\\\/?page_id=46#breadcrumb\"},\"inLanguage\":\"ro-RO\",\"potentialAction\":[{\"@type\":\"ReadAction\",\"target\":[\"https:\\\/\\\/goldenglory.ro\\\/?page_id=46\"]}]},{\"@type\":\"BreadcrumbList\",\"@id\":\"https:\\\/\\\/goldenglory.ro\\\/?page_id=46#breadcrumb\",\"itemListElement\":[{\"@type\":\"ListItem\",\"position\":1,\"name\":\"Prima pagin\u0103\",\"item\":\"https:\\\/\\\/goldenglory.ro\\\/\"},{\"@type\":\"ListItem\",\"position\":2,\"name\":\"Orasul Nostru Suceava\",\"item\":\"https:\\\/\\\/goldenglory.ro\\\/?page_id=41\"},{\"@type\":\"ListItem\",\"position\":3,\"name\":\"Ora\u015fe apropiate de Suceava\"}]},{\"@type\":\"WebSite\",\"@id\":\"https:\\\/\\\/goldenglory.ro\\\/#website\",\"url\":\"https:\\\/\\\/goldenglory.ro\\\/\",\"name\":\"MD\",\"description\":\"G\u00e2nduri, idei , opinii , toate strict personale\",\"potentialAction\":[{\"@type\":\"SearchAction\",\"target\":{\"@type\":\"EntryPoint\",\"urlTemplate\":\"https:\\\/\\\/goldenglory.ro\\\/?s={search_term_string}\"},\"query-input\":{\"@type\":\"PropertyValueSpecification\",\"valueRequired\":true,\"valueName\":\"search_term_string\"}}],\"inLanguage\":\"ro-RO\"}]}<\/script>\n<!-- \/ Yoast SEO plugin. -->","yoast_head_json":{"title":"Ora\u015fe apropiate de Suceava - MD","robots":{"index":"index","follow":"follow","max-snippet":"max-snippet:-1","max-image-preview":"max-image-preview:large","max-video-preview":"max-video-preview:-1"},"canonical":"https:\/\/goldenglory.ro\/?page_id=46","og_locale":"ro_RO","og_type":"article","og_title":"Ora\u015fe apropiate de Suceava - MD","og_description":"Ora\u015fe apropiate Re\u015fedin\u0163ele jude\u0163elor vecine sunt situate la distan\u0163e variabile de Suceava, astfel: Boto\u015fani (42 km) Piatra Neam\u0163 (106 km) Bistri\u0163a (137 km) Ia\u015fi (151 km) Vaslui (216 km) Fa\u0163\u0103 de alte ora\u015fe din jude\u0163ul Suceava, ora\u015ful se afl\u0103 la urm\u0103toarele distan\u0163e: F\u0103lticeni (25 km) R\u0103d\u0103u\u0163i (37 km) Gura Humorului (37 km) Siret (45 km) [&hellip;]","og_url":"https:\/\/goldenglory.ro\/?page_id=46","og_site_name":"MD","article_modified_time":"2025-10-13T12:57:05+00:00","twitter_card":"summary_large_image","schema":{"@context":"https:\/\/schema.org","@graph":[{"@type":"WebPage","@id":"https:\/\/goldenglory.ro\/?page_id=46","url":"https:\/\/goldenglory.ro\/?page_id=46","name":"Ora\u015fe apropiate de Suceava - MD","isPartOf":{"@id":"https:\/\/goldenglory.ro\/#website"},"datePublished":"2010-04-17T08:23:11+00:00","dateModified":"2025-10-13T12:57:05+00:00","breadcrumb":{"@id":"https:\/\/goldenglory.ro\/?page_id=46#breadcrumb"},"inLanguage":"ro-RO","potentialAction":[{"@type":"ReadAction","target":["https:\/\/goldenglory.ro\/?page_id=46"]}]},{"@type":"BreadcrumbList","@id":"https:\/\/goldenglory.ro\/?page_id=46#breadcrumb","itemListElement":[{"@type":"ListItem","position":1,"name":"Prima pagin\u0103","item":"https:\/\/goldenglory.ro\/"},{"@type":"ListItem","position":2,"name":"Orasul Nostru Suceava","item":"https:\/\/goldenglory.ro\/?page_id=41"},{"@type":"ListItem","position":3,"name":"Ora\u015fe apropiate de Suceava"}]},{"@type":"WebSite","@id":"https:\/\/goldenglory.ro\/#website","url":"https:\/\/goldenglory.ro\/","name":"MD","description":"G\u00e2nduri, idei , opinii , toate strict personale","potentialAction":[{"@type":"SearchAction","target":{"@type":"EntryPoint","urlTemplate":"https:\/\/goldenglory.ro\/?s={search_term_string}"},"query-input":{"@type":"PropertyValueSpecification","valueRequired":true,"valueName":"search_term_string"}}],"inLanguage":"ro-RO"}]}},"_links":{"self":[{"href":"https:\/\/goldenglory.ro\/index.php?rest_route=\/wp\/v2\/pages\/46","targetHints":{"allow":["GET"]}}],"collection":[{"href":"https:\/\/goldenglory.ro\/index.php?rest_route=\/wp\/v2\/pages"}],"about":[{"href":"https:\/\/goldenglory.ro\/index.php?rest_route=\/wp\/v2\/types\/page"}],"author":[{"embeddable":true,"href":"https:\/\/goldenglory.ro\/index.php?rest_route=\/wp\/v2\/users\/1"}],"replies":[{"embeddable":true,"href":"https:\/\/goldenglory.ro\/index.php?rest_route=%2Fwp%2Fv2%2Fcomments&post=46"}],"version-history":[{"count":1,"href":"https:\/\/goldenglory.ro\/index.php?rest_route=\/wp\/v2\/pages\/46\/revisions"}],"predecessor-version":[{"id":369,"href":"https:\/\/goldenglory.ro\/index.php?rest_route=\/wp\/v2\/pages\/46\/revisions\/369"}],"up":[{"embeddable":true,"href":"https:\/\/goldenglory.ro\/index.php?rest_route=\/wp\/v2\/pages\/41"}],"wp:attachment":[{"href":"https:\/\/goldenglory.ro\/index.php?rest_route=%2Fwp%2Fv2%2Fmedia&parent=46"}],"curies":[{"name":"wp","href":"https:\/\/api.w.org\/{rel}","templated":true}]}}