{"id":61,"date":"2010-04-17T08:34:36","date_gmt":"2010-04-17T08:34:36","guid":{"rendered":"http:\/\/blocn4.wordpress.com\/?page_id=61"},"modified":"2025-10-13T12:57:32","modified_gmt":"2025-10-13T12:57:32","slug":"obiective-turistice","status":"publish","type":"page","link":"https:\/\/goldenglory.ro\/?page_id=61","title":{"rendered":"Obiective turistice in Suceava"},"content":{"rendered":"<h2>Obiective turistice<\/h2>\n<p>Obiectivele turistice de pe raza ora\u015fului Suceava<\/p>\n<h3>Biserici \u015fi m\u0103n\u0103stiri<\/h3>\n<ul>\n<li><a title=\"M\u0103n\u0103stirea Sf\u00e2ntul Ioan cel Nou\" href=\"http:\/\/ro.wikipedia.org\/wiki\/M%C4%83n%C4%83stirea_Sf%C3%A2ntul_Ioan_cel_Nou\">M\u0103n\u0103stirea Sf\u00e2ntul Ioan cel Nou<\/a><\/li>\n<li><a title=\"M\u0103n\u0103stirea Teodoreni\" href=\"http:\/\/ro.wikipedia.org\/wiki\/M%C4%83n%C4%83stirea_Teodoreni\">M\u0103n\u0103stirea Teodoreni<\/a> &#8211; 1597<\/li>\n<li><a title=\"Biserica Mir\u0103u\u0163i\" href=\"http:\/\/ro.wikipedia.org\/wiki\/Biserica_Mir%C4%83u%C5%A3i\">Biserica Mir\u0103u\u0163i<\/a><\/li>\n<li><a title=\"Biserica Sf\u00e2ntul Dumitru din Suceava\" href=\"http:\/\/ro.wikipedia.org\/wiki\/Biserica_Sf%C3%A2ntul_Dumitru_din_Suceava\">Biserica Sf. Dumitru<\/a> &#8211; 1534-1535<\/li>\n<li><a title=\"Biserica \u00cenvierea Domnului din Suceava\" href=\"http:\/\/ro.wikipedia.org\/wiki\/Biserica_%C3%8Envierea_Domnului_din_Suceava\">Biserica \u00cenvierea Domnului<\/a> &#8211; 1551<\/li>\n<li><a title=\"Biserica Sf\u00e2ntul Nicolae din Suceava\" href=\"http:\/\/ro.wikipedia.org\/wiki\/Biserica_Sf%C3%A2ntul_Nicolae_din_Suceava\">Biserica Sf. Nicolae<\/a> &#8211; 1611<\/li>\n<li><a title=\"Biserica Coconilor\" href=\"http:\/\/ro.wikipedia.org\/wiki\/Biserica_Coconilor\">Biserica Sf. Ioan Botez\u0103torul (Coconilor)<\/a> &#8211; 1643<\/li>\n<li><a title=\"Biserica Sf\u00e2nta Cruce - Obcini \u2014 pagin\u0103 inexistent\u0103\" href=\"http:\/\/ro.wikipedia.org\/w\/index.php?title=Biserica_Sf%C3%A2nta_Cruce_-_Obcini&amp;action=edit&amp;redlink=1\">Biserica Sf\u00e2nta Cruce &#8211; Obcini<\/a><\/li>\n<li><a title=\"Biserica Sf\u00e2ntul Andrei din Suceava \u2014 pagin\u0103 inexistent\u0103\" href=\"http:\/\/ro.wikipedia.org\/w\/index.php?title=Biserica_Sf%C3%A2ntul_Andrei_din_Suceava&amp;action=edit&amp;redlink=1\">Biserica Sf. Andrei<\/a><\/li>\n<li><a title=\"Biserica Sf\u00e2nta Vineri din Suceava \u2014 pagin\u0103 inexistent\u0103\" href=\"http:\/\/ro.wikipedia.org\/w\/index.php?title=Biserica_Sf%C3%A2nta_Vineri_din_Suceava&amp;action=edit&amp;redlink=1\">Biserica Sf\u00e2nta Vineri<\/a><\/li>\n<li><a title=\"M\u0103n\u0103stirea Zamca\" href=\"http:\/\/ro.wikipedia.org\/wiki\/M%C4%83n%C4%83stirea_Zamca\">M\u0103n\u0103stirea Zamca<\/a> &#8211; 1606<\/li>\n<li><a title=\"Biserica Sf. Simion din Suceava\" href=\"http:\/\/ro.wikipedia.org\/wiki\/Biserica_Sf._Simion_din_Suceava\">Biserica armeneasc\u0103 &#8222;Sf. Simion&#8221; (Turnul Ro\u015fu)<\/a> &#8211; 1513<\/li>\n<li><a title=\"Biserica Sf. Cruce din Suceava\" href=\"http:\/\/ro.wikipedia.org\/wiki\/Biserica_Sf._Cruce_din_Suceava\">Biserica armeneasc\u0103 &#8222;Sf. Cruce&#8221;<\/a> &#8211; 1521<\/li>\n<li><a title=\"Capela din cimitirul armenesc din Suceava\" href=\"http:\/\/ro.wikipedia.org\/wiki\/Capela_din_cimitirul_armenesc_din_Suceava\">Capela din cimitirul armenesc din Suceava<\/a> &#8211; 1904<\/li>\n<li><a title=\"Biserica Sf\u00e2ntul Ioan Nepomuk din Suceava\" href=\"http:\/\/ro.wikipedia.org\/wiki\/Biserica_Sf%C3%A2ntul_Ioan_Nepomuk_din_Suceava\">Biserica romano-catolic\u0103<\/a> &#8211; 1836<\/li>\n<li><a title=\"Biserica Evanghelic\u0103 din Suceava\" href=\"http:\/\/ro.wikipedia.org\/wiki\/Biserica_Evanghelic%C4%83_din_Suceava\">Biserica evanghelic\u0103<\/a><\/li>\n<li><a title=\"Sinagoga Gah din Suceava\" href=\"http:\/\/ro.wikipedia.org\/wiki\/Sinagoga_Gah_din_Suceava\">Sinagoga Gah<\/a> &#8211; 1870<\/li>\n<li>Biserica de lemn Sf Antonie cel Mare din Suceava<\/li>\n<li>Catedrala Marasesti<\/li>\n<li>Biserica Sf. Gheorghe a manastirii Sf. Ioan cel Nou<\/li>\n<li>Biserica Sf. Haralambie<\/li>\n<\/ul>\n<h3>Complexul muzeal Bucovina<\/h3>\n<div>\n<div>\n<p><a href=\"http:\/\/ro.wikipedia.org\/wiki\/Fi%C5%9Fier:Stefan_Tron.jpg\"><img  title=\"\" loading=\"lazy\" decoding=\"async\" src=\"http:\/\/upload.wikimedia.org\/wikipedia\/commons\/thumb\/5\/54\/Stefan_Tron.jpg\/250px-Stefan_Tron.jpg\"  alt=\"250px-Stefan_Tron Obiective turistice in Suceava\"  width=\"250\" height=\"272\" \/><\/a><\/p>\n<div>\n<div><a title=\"Extinde\" href=\"http:\/\/ro.wikipedia.org\/wiki\/Fi%C5%9Fier:Stefan_Tron.jpg\"><img  title=\"\" loading=\"lazy\" decoding=\"async\" src=\"http:\/\/bits.wikimedia.org\/skins-1.5\/common\/images\/magnify-clip.png\"  alt=\"magnify-clip Obiective turistice in Suceava\"  width=\"15\" height=\"11\" \/><\/a><\/div>\n<p>Sala Tronului la Muzeul de Istorie<\/p>\n<\/div>\n<\/div>\n<\/div>\n<p><strong>Muzeul Sucevei<\/strong> a luat fiin\u0163\u0103 \u00een <a title=\"1895\" href=\"http:\/\/ro.wikipedia.org\/wiki\/1895\">1895<\/a> \u015fi a c\u0103p\u0103tat statut de persoan\u0103 juridic\u0103 la <a title=\"4 ianuarie\" href=\"http:\/\/ro.wikipedia.org\/wiki\/4_ianuarie\">4 ianuarie<\/a> <a title=\"1900\" href=\"http:\/\/ro.wikipedia.org\/wiki\/1900\">1900<\/a>. &#8222;<a title=\"Complexul Muzeal Bucovina \u2014 pagin\u0103 inexistent\u0103\" href=\"http:\/\/ro.wikipedia.org\/w\/index.php?title=Complexul_Muzeal_Bucovina&amp;action=edit&amp;redlink=1\">Complexul Muzeal Bucovina<\/a>&#8221; este compus din:<\/p>\n<ul>\n<li>Muzeul de Istorie<\/li>\n<li>Muzeul Etnografic (<a title=\"Hanul Domnesc \u2014 pagin\u0103 inexistent\u0103\" href=\"http:\/\/ro.wikipedia.org\/w\/index.php?title=Hanul_Domnesc&amp;action=edit&amp;redlink=1\">Hanul Domnesc<\/a>)<\/li>\n<li>Muzeul de \u015etiin\u0163ele Naturii<\/li>\n<li><a title=\"Cetatea de Scaun a Sucevei\" href=\"http:\/\/ro.wikipedia.org\/wiki\/Cetatea_de_Scaun_a_Sucevei\">Cetatea de Scaun a Sucevei<\/a><\/li>\n<li><a title=\"Curtea Domneasc\u0103 din Suceava \u2014 pagin\u0103 inexistent\u0103\" href=\"http:\/\/ro.wikipedia.org\/w\/index.php?title=Curtea_Domneasc%C4%83_din_Suceava&amp;action=edit&amp;redlink=1\">Curtea Domneasc\u0103 din Suceava<\/a><\/li>\n<li><a title=\"Muzeul Satului Bucovinean\" href=\"http:\/\/ro.wikipedia.org\/wiki\/Muzeul_Satului_Bucovinean\">Muzeul Satului Bucovinean<\/a><\/li>\n<li><a title=\"Planetariul din Suceava\" href=\"http:\/\/ro.wikipedia.org\/wiki\/Planetariul_din_Suceava\">Planetariul<\/a><\/li>\n<li>Fondul Memorial Cultural ce include:\n<ul>\n<li><a title=\"Casa memorial\u0103 Nicolae Labi\u015f de la M\u0103lini\" href=\"http:\/\/ro.wikipedia.org\/wiki\/Casa_memorial%C4%83_Nicolae_Labi%C5%9F_de_la_M%C4%83lini\">Casa memorial\u0103 Nicolae Labi\u015f de la M\u0103lini<\/a><\/li>\n<li><a title=\"Casa memorial\u0103 Simion Florea Marian din Suceava \u2014 pagin\u0103 inexistent\u0103\" href=\"http:\/\/ro.wikipedia.org\/w\/index.php?title=Casa_memorial%C4%83_Simion_Florea_Marian_din_Suceava&amp;action=edit&amp;redlink=1\">Casa memorial\u0103 Simion Florea Marian din Suceava<\/a><\/li>\n<li><a title=\"Casa memorial\u0103 Eusebiu Camilar din Ude\u015fti\" href=\"http:\/\/ro.wikipedia.org\/wiki\/Casa_memorial%C4%83_Eusebiu_Camilar_din_Ude%C5%9Fti\">Casa memorial\u0103 Eusebiu Camilar din Ude\u015fti<\/a><\/li>\n<li>Casa memorial\u0103 <a title=\"Solca\" href=\"http:\/\/ro.wikipedia.org\/wiki\/Solca\">Solca<\/a><\/li>\n<li>Casa muzeu <a title=\"Bilca, Suceava\" href=\"http:\/\/ro.wikipedia.org\/wiki\/Bilca,_Suceava\">Bilca<\/a><\/li>\n<li><a title=\"Complexul Muzeistic Ciprian Porumbescu \u2014 pagin\u0103 inexistent\u0103\" href=\"http:\/\/ro.wikipedia.org\/w\/index.php?title=Complexul_Muzeistic_Ciprian_Porumbescu&amp;action=edit&amp;redlink=1\">Complexul Muzeistic Ciprian Porumbescu<\/a> din <a title=\"Ciprian Porumbescu, Suceava\" href=\"http:\/\/ro.wikipedia.org\/wiki\/Ciprian_Porumbescu,_Suceava\">Stupca<\/a><\/li>\n<\/ul>\n<\/li>\n<\/ul>\n<h3>Cl\u0103diri &#8211; monumente istorice<\/h3>\n<ul>\n<li><a title=\"Cl\u0103direa Liceului de Art\u0103 din Suceava\" href=\"http:\/\/ro.wikipedia.org\/wiki\/Cl%C4%83direa_Liceului_de_Art%C4%83_din_Suceava\">Cl\u0103direa Liceului de Art\u0103 din Suceava<\/a> &#8211; 1859<\/li>\n<li><a title=\"Palatul de Justi\u0163ie din Suceava\" href=\"http:\/\/ro.wikipedia.org\/wiki\/Palatul_de_Justi%C5%A3ie_din_Suceava\">Palatul de Justi\u0163ie din Suceava<\/a> &#8211; 1885<\/li>\n<li><a title=\"Cl\u0103direa Liceului \u015etefan cel Mare din Suceava\" href=\"http:\/\/ro.wikipedia.org\/wiki\/Cl%C4%83direa_Liceului_%C5%9Etefan_cel_Mare_din_Suceava\">Cl\u0103direa Liceului \u015etefan cel Mare din Suceava<\/a> &#8211; 1893<\/li>\n<li><a title=\"Cl\u0103direa Muzeului Jude\u0163ean din Suceava\" href=\"http:\/\/ro.wikipedia.org\/wiki\/Cl%C4%83direa_Muzeului_Jude%C5%A3ean_din_Suceava\">Cl\u0103direa Muzeului Jude\u0163ean din Suceava<\/a> &#8211; 1893<\/li>\n<li><a title=\"Palatul Administrativ din Suceava\" href=\"http:\/\/ro.wikipedia.org\/wiki\/Palatul_Administrativ_din_Suceava\">Palatul Administrativ din Suceava<\/a> &#8211; 1904<\/li>\n<li><a title=\"Casa polon\u0103 din Suceava\" href=\"http:\/\/ro.wikipedia.org\/wiki\/Casa_polon%C4%83_din_Suceava\">Casa polon\u0103 din Suceava<\/a> &#8211; 1907<\/li>\n<\/ul>\n","protected":false},"excerpt":{"rendered":"<p>Obiective turistice Obiectivele turistice de pe raza ora\u015fului Suceava Biserici \u015fi m\u0103n\u0103stiri M\u0103n\u0103stirea Sf\u00e2ntul Ioan cel Nou M\u0103n\u0103stirea Teodoreni &#8211; 1597 Biserica Mir\u0103u\u0163i Biserica Sf. Dumitru &#8211; 1534-1535 Biserica \u00cenvierea Domnului &#8211; 1551 Biserica Sf. Nicolae &#8211; 1611 Biserica Sf. Ioan Botez\u0103torul (Coconilor) &#8211; 1643 Biserica Sf\u00e2nta Cruce &#8211; Obcini Biserica Sf. Andrei Biserica Sf\u00e2nta [&hellip;]<\/p>\n","protected":false},"author":1,"featured_media":0,"parent":41,"menu_order":0,"comment_status":"open","ping_status":"closed","template":"","meta":{"footnotes":""},"class_list":["post-61","page","type-page","status-publish","hentry"],"yoast_head":"<!-- This site is optimized with the Yoast SEO plugin v27.4 - https:\/\/yoast.com\/product\/yoast-seo-wordpress\/ -->\n<title>Obiective turistice in Suceava - MD<\/title>\n<meta name=\"robots\" content=\"index, follow, max-snippet:-1, max-image-preview:large, max-video-preview:-1\" \/>\n<link rel=\"canonical\" href=\"https:\/\/goldenglory.ro\/?page_id=61\" \/>\n<meta property=\"og:locale\" content=\"ro_RO\" \/>\n<meta property=\"og:type\" content=\"article\" \/>\n<meta property=\"og:title\" content=\"Obiective turistice in Suceava - MD\" \/>\n<meta property=\"og:description\" content=\"Obiective turistice Obiectivele turistice de pe raza ora\u015fului Suceava Biserici \u015fi m\u0103n\u0103stiri M\u0103n\u0103stirea Sf\u00e2ntul Ioan cel Nou M\u0103n\u0103stirea Teodoreni &#8211; 1597 Biserica Mir\u0103u\u0163i Biserica Sf. Dumitru &#8211; 1534-1535 Biserica \u00cenvierea Domnului &#8211; 1551 Biserica Sf. Nicolae &#8211; 1611 Biserica Sf. Ioan Botez\u0103torul (Coconilor) &#8211; 1643 Biserica Sf\u00e2nta Cruce &#8211; Obcini Biserica Sf. Andrei Biserica Sf\u00e2nta [&hellip;]\" \/>\n<meta property=\"og:url\" content=\"https:\/\/goldenglory.ro\/?page_id=61\" \/>\n<meta property=\"og:site_name\" content=\"MD\" \/>\n<meta property=\"article:modified_time\" content=\"2025-10-13T12:57:32+00:00\" \/>\n<meta property=\"og:image\" content=\"http:\/\/upload.wikimedia.org\/wikipedia\/commons\/thumb\/5\/54\/Stefan_Tron.jpg\/250px-Stefan_Tron.jpg\" \/>\n<meta name=\"twitter:card\" content=\"summary_large_image\" \/>\n<meta name=\"twitter:label1\" content=\"Timp estimat pentru citire\" \/>\n\t<meta name=\"twitter:data1\" content=\"1 minut\" \/>\n<script type=\"application\/ld+json\" class=\"yoast-schema-graph\">{\"@context\":\"https:\\\/\\\/schema.org\",\"@graph\":[{\"@type\":\"WebPage\",\"@id\":\"https:\\\/\\\/goldenglory.ro\\\/?page_id=61\",\"url\":\"https:\\\/\\\/goldenglory.ro\\\/?page_id=61\",\"name\":\"Obiective turistice in Suceava - MD\",\"isPartOf\":{\"@id\":\"https:\\\/\\\/goldenglory.ro\\\/#website\"},\"primaryImageOfPage\":{\"@id\":\"https:\\\/\\\/goldenglory.ro\\\/?page_id=61#primaryimage\"},\"image\":{\"@id\":\"https:\\\/\\\/goldenglory.ro\\\/?page_id=61#primaryimage\"},\"thumbnailUrl\":\"http:\\\/\\\/upload.wikimedia.org\\\/wikipedia\\\/commons\\\/thumb\\\/5\\\/54\\\/Stefan_Tron.jpg\\\/250px-Stefan_Tron.jpg\",\"datePublished\":\"2010-04-17T08:34:36+00:00\",\"dateModified\":\"2025-10-13T12:57:32+00:00\",\"breadcrumb\":{\"@id\":\"https:\\\/\\\/goldenglory.ro\\\/?page_id=61#breadcrumb\"},\"inLanguage\":\"ro-RO\",\"potentialAction\":[{\"@type\":\"ReadAction\",\"target\":[\"https:\\\/\\\/goldenglory.ro\\\/?page_id=61\"]}]},{\"@type\":\"ImageObject\",\"inLanguage\":\"ro-RO\",\"@id\":\"https:\\\/\\\/goldenglory.ro\\\/?page_id=61#primaryimage\",\"url\":\"http:\\\/\\\/upload.wikimedia.org\\\/wikipedia\\\/commons\\\/thumb\\\/5\\\/54\\\/Stefan_Tron.jpg\\\/250px-Stefan_Tron.jpg\",\"contentUrl\":\"http:\\\/\\\/upload.wikimedia.org\\\/wikipedia\\\/commons\\\/thumb\\\/5\\\/54\\\/Stefan_Tron.jpg\\\/250px-Stefan_Tron.jpg\"},{\"@type\":\"BreadcrumbList\",\"@id\":\"https:\\\/\\\/goldenglory.ro\\\/?page_id=61#breadcrumb\",\"itemListElement\":[{\"@type\":\"ListItem\",\"position\":1,\"name\":\"Prima pagin\u0103\",\"item\":\"https:\\\/\\\/goldenglory.ro\\\/\"},{\"@type\":\"ListItem\",\"position\":2,\"name\":\"Orasul Nostru Suceava\",\"item\":\"https:\\\/\\\/goldenglory.ro\\\/?page_id=41\"},{\"@type\":\"ListItem\",\"position\":3,\"name\":\"Obiective turistice in Suceava\"}]},{\"@type\":\"WebSite\",\"@id\":\"https:\\\/\\\/goldenglory.ro\\\/#website\",\"url\":\"https:\\\/\\\/goldenglory.ro\\\/\",\"name\":\"MD\",\"description\":\"G\u00e2nduri, idei , opinii , toate strict personale\",\"potentialAction\":[{\"@type\":\"SearchAction\",\"target\":{\"@type\":\"EntryPoint\",\"urlTemplate\":\"https:\\\/\\\/goldenglory.ro\\\/?s={search_term_string}\"},\"query-input\":{\"@type\":\"PropertyValueSpecification\",\"valueRequired\":true,\"valueName\":\"search_term_string\"}}],\"inLanguage\":\"ro-RO\"}]}<\/script>\n<!-- \/ Yoast SEO plugin. -->","yoast_head_json":{"title":"Obiective turistice in Suceava - MD","robots":{"index":"index","follow":"follow","max-snippet":"max-snippet:-1","max-image-preview":"max-image-preview:large","max-video-preview":"max-video-preview:-1"},"canonical":"https:\/\/goldenglory.ro\/?page_id=61","og_locale":"ro_RO","og_type":"article","og_title":"Obiective turistice in Suceava - MD","og_description":"Obiective turistice Obiectivele turistice de pe raza ora\u015fului Suceava Biserici \u015fi m\u0103n\u0103stiri M\u0103n\u0103stirea Sf\u00e2ntul Ioan cel Nou M\u0103n\u0103stirea Teodoreni &#8211; 1597 Biserica Mir\u0103u\u0163i Biserica Sf. Dumitru &#8211; 1534-1535 Biserica \u00cenvierea Domnului &#8211; 1551 Biserica Sf. Nicolae &#8211; 1611 Biserica Sf. Ioan Botez\u0103torul (Coconilor) &#8211; 1643 Biserica Sf\u00e2nta Cruce &#8211; Obcini Biserica Sf. Andrei Biserica Sf\u00e2nta [&hellip;]","og_url":"https:\/\/goldenglory.ro\/?page_id=61","og_site_name":"MD","article_modified_time":"2025-10-13T12:57:32+00:00","og_image":[{"url":"http:\/\/upload.wikimedia.org\/wikipedia\/commons\/thumb\/5\/54\/Stefan_Tron.jpg\/250px-Stefan_Tron.jpg","type":"","width":"","height":""}],"twitter_card":"summary_large_image","twitter_misc":{"Timp estimat pentru citire":"1 minut"},"schema":{"@context":"https:\/\/schema.org","@graph":[{"@type":"WebPage","@id":"https:\/\/goldenglory.ro\/?page_id=61","url":"https:\/\/goldenglory.ro\/?page_id=61","name":"Obiective turistice in Suceava - MD","isPartOf":{"@id":"https:\/\/goldenglory.ro\/#website"},"primaryImageOfPage":{"@id":"https:\/\/goldenglory.ro\/?page_id=61#primaryimage"},"image":{"@id":"https:\/\/goldenglory.ro\/?page_id=61#primaryimage"},"thumbnailUrl":"http:\/\/upload.wikimedia.org\/wikipedia\/commons\/thumb\/5\/54\/Stefan_Tron.jpg\/250px-Stefan_Tron.jpg","datePublished":"2010-04-17T08:34:36+00:00","dateModified":"2025-10-13T12:57:32+00:00","breadcrumb":{"@id":"https:\/\/goldenglory.ro\/?page_id=61#breadcrumb"},"inLanguage":"ro-RO","potentialAction":[{"@type":"ReadAction","target":["https:\/\/goldenglory.ro\/?page_id=61"]}]},{"@type":"ImageObject","inLanguage":"ro-RO","@id":"https:\/\/goldenglory.ro\/?page_id=61#primaryimage","url":"http:\/\/upload.wikimedia.org\/wikipedia\/commons\/thumb\/5\/54\/Stefan_Tron.jpg\/250px-Stefan_Tron.jpg","contentUrl":"http:\/\/upload.wikimedia.org\/wikipedia\/commons\/thumb\/5\/54\/Stefan_Tron.jpg\/250px-Stefan_Tron.jpg"},{"@type":"BreadcrumbList","@id":"https:\/\/goldenglory.ro\/?page_id=61#breadcrumb","itemListElement":[{"@type":"ListItem","position":1,"name":"Prima pagin\u0103","item":"https:\/\/goldenglory.ro\/"},{"@type":"ListItem","position":2,"name":"Orasul Nostru Suceava","item":"https:\/\/goldenglory.ro\/?page_id=41"},{"@type":"ListItem","position":3,"name":"Obiective turistice in Suceava"}]},{"@type":"WebSite","@id":"https:\/\/goldenglory.ro\/#website","url":"https:\/\/goldenglory.ro\/","name":"MD","description":"G\u00e2nduri, idei , opinii , toate strict personale","potentialAction":[{"@type":"SearchAction","target":{"@type":"EntryPoint","urlTemplate":"https:\/\/goldenglory.ro\/?s={search_term_string}"},"query-input":{"@type":"PropertyValueSpecification","valueRequired":true,"valueName":"search_term_string"}}],"inLanguage":"ro-RO"}]}},"_links":{"self":[{"href":"https:\/\/goldenglory.ro\/index.php?rest_route=\/wp\/v2\/pages\/61","targetHints":{"allow":["GET"]}}],"collection":[{"href":"https:\/\/goldenglory.ro\/index.php?rest_route=\/wp\/v2\/pages"}],"about":[{"href":"https:\/\/goldenglory.ro\/index.php?rest_route=\/wp\/v2\/types\/page"}],"author":[{"embeddable":true,"href":"https:\/\/goldenglory.ro\/index.php?rest_route=\/wp\/v2\/users\/1"}],"replies":[{"embeddable":true,"href":"https:\/\/goldenglory.ro\/index.php?rest_route=%2Fwp%2Fv2%2Fcomments&post=61"}],"version-history":[{"count":1,"href":"https:\/\/goldenglory.ro\/index.php?rest_route=\/wp\/v2\/pages\/61\/revisions"}],"predecessor-version":[{"id":370,"href":"https:\/\/goldenglory.ro\/index.php?rest_route=\/wp\/v2\/pages\/61\/revisions\/370"}],"up":[{"embeddable":true,"href":"https:\/\/goldenglory.ro\/index.php?rest_route=\/wp\/v2\/pages\/41"}],"wp:attachment":[{"href":"https:\/\/goldenglory.ro\/index.php?rest_route=%2Fwp%2Fv2%2Fmedia&parent=61"}],"curies":[{"name":"wp","href":"https:\/\/api.w.org\/{rel}","templated":true}]}}