{"id":822,"date":"2009-03-22T11:15:34","date_gmt":"2009-03-22T18:15:34","guid":{"rendered":"http:\/\/www.maini-deschise.ro\/filadelfia-online\/"},"modified":"2009-03-22T11:15:34","modified_gmt":"2009-03-22T18:15:34","slug":"filadelfia-online-2","status":"publish","type":"page","link":"https:\/\/goldenglory.ro\/?page_id=822","title":{"rendered":"Filadelfia Online"},"content":{"rendered":"<p>Transmitem LIVE \u00een fiecare Duminic\u0103 \u00een intervalul 9-12 \u0219i 18-20.<\/p>\n<p>Ne cerem scuze pentru reclamele nepotrivite care apar \u00een partea de jos a playerului. Ele nu ne apar\u0163in ci fac parte din politica furnizorului serviciului de streaming, pentru varianta free.<\/p>\n<p>V\u0103 mul\u0163umim pentru \u00een\u0163elegere.<br \/>\n\u00a9 2010 Biserica Penticostala Filadelfia Suceava<\/p>\n<p>Oficial site: <a href=\"http:\/\/www.filadelfiasv.ro\" target=\"_blank\">www.filadelfiasv.ro<\/a><\/p>\n","protected":false},"excerpt":{"rendered":"<p>Transmitem LIVE \u00een fiecare Duminic\u0103 \u00een intervalul 9-12 \u0219i 18-20. Ne cerem scuze pentru reclamele nepotrivite care apar \u00een partea de jos a playerului. Ele nu ne apar\u0163in ci fac parte din politica furnizorului serviciului de streaming, pentru varianta free. V\u0103 mul\u0163umim pentru \u00een\u0163elegere. \u00a9 2010 Biserica Penticostala Filadelfia Suceava Oficial site: www.filadelfiasv.ro<\/p>\n","protected":false},"author":2,"featured_media":0,"parent":0,"menu_order":0,"comment_status":"open","ping_status":"closed","template":"","meta":{"footnotes":""},"class_list":["post-822","page","type-page","status-publish","hentry"],"yoast_head":"<!-- This site is optimized with the Yoast SEO plugin v27.4 - https:\/\/yoast.com\/product\/yoast-seo-wordpress\/ -->\n<title>Filadelfia Online - MD<\/title>\n<meta name=\"robots\" content=\"index, follow, max-snippet:-1, max-image-preview:large, max-video-preview:-1\" \/>\n<link rel=\"canonical\" href=\"https:\/\/goldenglory.ro\/?page_id=822\" \/>\n<meta property=\"og:locale\" content=\"ro_RO\" \/>\n<meta property=\"og:type\" content=\"article\" \/>\n<meta property=\"og:title\" content=\"Filadelfia Online - MD\" \/>\n<meta property=\"og:description\" content=\"Transmitem LIVE \u00een fiecare Duminic\u0103 \u00een intervalul 9-12 \u0219i 18-20. Ne cerem scuze pentru reclamele nepotrivite care apar \u00een partea de jos a playerului. Ele nu ne apar\u0163in ci fac parte din politica furnizorului serviciului de streaming, pentru varianta free. V\u0103 mul\u0163umim pentru \u00een\u0163elegere. \u00a9 2010 Biserica Penticostala Filadelfia Suceava Oficial site: www.filadelfiasv.ro\" \/>\n<meta property=\"og:url\" content=\"https:\/\/goldenglory.ro\/?page_id=822\" \/>\n<meta property=\"og:site_name\" content=\"MD\" \/>\n<meta name=\"twitter:card\" content=\"summary_large_image\" \/>\n<script type=\"application\/ld+json\" class=\"yoast-schema-graph\">{\"@context\":\"https:\\\/\\\/schema.org\",\"@graph\":[{\"@type\":\"WebPage\",\"@id\":\"https:\\\/\\\/goldenglory.ro\\\/?page_id=822\",\"url\":\"https:\\\/\\\/goldenglory.ro\\\/?page_id=822\",\"name\":\"Filadelfia Online - MD\",\"isPartOf\":{\"@id\":\"https:\\\/\\\/goldenglory.ro\\\/#website\"},\"datePublished\":\"2009-03-22T18:15:34+00:00\",\"breadcrumb\":{\"@id\":\"https:\\\/\\\/goldenglory.ro\\\/?page_id=822#breadcrumb\"},\"inLanguage\":\"ro-RO\",\"potentialAction\":[{\"@type\":\"ReadAction\",\"target\":[\"https:\\\/\\\/goldenglory.ro\\\/?page_id=822\"]}]},{\"@type\":\"BreadcrumbList\",\"@id\":\"https:\\\/\\\/goldenglory.ro\\\/?page_id=822#breadcrumb\",\"itemListElement\":[{\"@type\":\"ListItem\",\"position\":1,\"name\":\"Prima pagin\u0103\",\"item\":\"https:\\\/\\\/goldenglory.ro\\\/\"},{\"@type\":\"ListItem\",\"position\":2,\"name\":\"Filadelfia Online\"}]},{\"@type\":\"WebSite\",\"@id\":\"https:\\\/\\\/goldenglory.ro\\\/#website\",\"url\":\"https:\\\/\\\/goldenglory.ro\\\/\",\"name\":\"MD\",\"description\":\"G\u00e2nduri, idei , opinii , toate strict personale\",\"potentialAction\":[{\"@type\":\"SearchAction\",\"target\":{\"@type\":\"EntryPoint\",\"urlTemplate\":\"https:\\\/\\\/goldenglory.ro\\\/?s={search_term_string}\"},\"query-input\":{\"@type\":\"PropertyValueSpecification\",\"valueRequired\":true,\"valueName\":\"search_term_string\"}}],\"inLanguage\":\"ro-RO\"}]}<\/script>\n<!-- \/ Yoast SEO plugin. -->","yoast_head_json":{"title":"Filadelfia Online - MD","robots":{"index":"index","follow":"follow","max-snippet":"max-snippet:-1","max-image-preview":"max-image-preview:large","max-video-preview":"max-video-preview:-1"},"canonical":"https:\/\/goldenglory.ro\/?page_id=822","og_locale":"ro_RO","og_type":"article","og_title":"Filadelfia Online - MD","og_description":"Transmitem LIVE \u00een fiecare Duminic\u0103 \u00een intervalul 9-12 \u0219i 18-20. Ne cerem scuze pentru reclamele nepotrivite care apar \u00een partea de jos a playerului. Ele nu ne apar\u0163in ci fac parte din politica furnizorului serviciului de streaming, pentru varianta free. V\u0103 mul\u0163umim pentru \u00een\u0163elegere. \u00a9 2010 Biserica Penticostala Filadelfia Suceava Oficial site: www.filadelfiasv.ro","og_url":"https:\/\/goldenglory.ro\/?page_id=822","og_site_name":"MD","twitter_card":"summary_large_image","schema":{"@context":"https:\/\/schema.org","@graph":[{"@type":"WebPage","@id":"https:\/\/goldenglory.ro\/?page_id=822","url":"https:\/\/goldenglory.ro\/?page_id=822","name":"Filadelfia Online - MD","isPartOf":{"@id":"https:\/\/goldenglory.ro\/#website"},"datePublished":"2009-03-22T18:15:34+00:00","breadcrumb":{"@id":"https:\/\/goldenglory.ro\/?page_id=822#breadcrumb"},"inLanguage":"ro-RO","potentialAction":[{"@type":"ReadAction","target":["https:\/\/goldenglory.ro\/?page_id=822"]}]},{"@type":"BreadcrumbList","@id":"https:\/\/goldenglory.ro\/?page_id=822#breadcrumb","itemListElement":[{"@type":"ListItem","position":1,"name":"Prima pagin\u0103","item":"https:\/\/goldenglory.ro\/"},{"@type":"ListItem","position":2,"name":"Filadelfia Online"}]},{"@type":"WebSite","@id":"https:\/\/goldenglory.ro\/#website","url":"https:\/\/goldenglory.ro\/","name":"MD","description":"G\u00e2nduri, idei , opinii , toate strict personale","potentialAction":[{"@type":"SearchAction","target":{"@type":"EntryPoint","urlTemplate":"https:\/\/goldenglory.ro\/?s={search_term_string}"},"query-input":{"@type":"PropertyValueSpecification","valueRequired":true,"valueName":"search_term_string"}}],"inLanguage":"ro-RO"}]}},"_links":{"self":[{"href":"https:\/\/goldenglory.ro\/index.php?rest_route=\/wp\/v2\/pages\/822","targetHints":{"allow":["GET"]}}],"collection":[{"href":"https:\/\/goldenglory.ro\/index.php?rest_route=\/wp\/v2\/pages"}],"about":[{"href":"https:\/\/goldenglory.ro\/index.php?rest_route=\/wp\/v2\/types\/page"}],"author":[{"embeddable":true,"href":"https:\/\/goldenglory.ro\/index.php?rest_route=\/wp\/v2\/users\/2"}],"replies":[{"embeddable":true,"href":"https:\/\/goldenglory.ro\/index.php?rest_route=%2Fwp%2Fv2%2Fcomments&post=822"}],"version-history":[{"count":0,"href":"https:\/\/goldenglory.ro\/index.php?rest_route=\/wp\/v2\/pages\/822\/revisions"}],"wp:attachment":[{"href":"https:\/\/goldenglory.ro\/index.php?rest_route=%2Fwp%2Fv2%2Fmedia&parent=822"}],"curies":[{"name":"wp","href":"https:\/\/api.w.org\/{rel}","templated":true}]}}